 Let q be ((-3)/7)/((-9)/63). Suppose 45 = q*k - 0*k. Calculate the highest common factor of k and l.
15
Let r = 8 + 14. Let o = -10 + r. Suppose 64 = 5*b - 356. What is the greatest common divisor of b and o?
12
Suppose 0 = f - 4, -f + 20 = w - 4. Suppose -z + 7 = -w. What is the greatest common factor of z and 216?
27
Let v(u) = -u**3 - 4*u**2 + 5*u. Let m be v(-6). Let o(p) = 3*p + 16. Let j be o(4). Calculate the highest common divisor of j and m.
14
Let g = -4 - 0. Let a be 14*(4/g - -3). Let s = a - 10. Calculate the highest common factor of s and 144.
18
Let l be (-1 + 2)*192/(-8). Let i = 40 + l. Let n = -62 + 190. Calculate the greatest common divisor of i and n.
16
Let n be (-50652)/(-702) + (-2)/13. What is the greatest common divisor of 117 and n?
9
Let i(z) = -z**2 + 5*z + 2. Let o be i(4). Let a be o - 7 - (0 + -11). Let r be (-15)/(-25) - (-144)/a. What is the highest common divisor of 15 and r?
15
Suppose -5*k + 105 - 70 = x, -3*x + 48 = -4*k. What is the highest common factor of x and 2?
2
Suppose 5*f = -5*a + f + 174, 0 = 2*a - 5*f - 63. What is the highest common factor of a and 136?
34
Suppose -5*m + 75 = -4*h - 26, 0 = -h - 4. Suppose 2*a + 100 = 3*s - 0*a, -2 = -2*a. Calculate the greatest common factor of s and m.
17
Let g = -589 - -595. What is the greatest common factor of 42 and g?
6
Suppose 5*o = 4*d + 322, 2*o - 62 = 4*d + 62. Let x(j) = 12*j + 11*j - 15 + 5*j - 25*j. Let h be x(7). Calculate the greatest common factor of h and o.
6
Suppose 2*o + 3 = 17. Let n = -6 + o. Let t be -3 - ((-16)/(-40))/(4/(-60)). What is the greatest common divisor of n and t?
1
Let i be (12/9)/((-2)/(-9)). Let w be (24 - 3) + -3 + 6. What is the greatest common factor of i and w?
6
Suppose 20*c + 164 = 564. Calculate the greatest common factor of c and 250.
10
Suppose o - 2104 = -4*w, -9*w + 7*w + 3*o = -1038. Calculate the highest common divisor of w and 35.
35
Suppose 0 = 2*g - 81 - 161. Let j = 22 + -15. Suppose 0 = p - 4*u - j, 4*p + 8*u - 3*u = 49. What is the greatest common divisor of g and p?
11
Let q be (-1)/(((-6)/(-2))/(-3))*2. Suppose -n + 84 + 160 = q*v, -3*n - 468 = -4*v. Calculate the greatest common divisor of 24 and v.
24
Let o = 76 + -74. Suppose -44 + 16 = -o*p. Calculate the highest common factor of p and 2.
2
Let t = 293 + -197. Calculate the greatest common factor of t and 24.
24
Let x be 68 + ((-17)/5 - (-24)/(-40)). Calculate the highest common factor of x and 8.
8
Suppose 0 = 579*m - 578*m - 37. Calculate the greatest common factor of m and 5106.
37
Let z = -457 + 545. What is the greatest common divisor of 110 and z?
22
Suppose -2*c - 1 + 11 = 0. Suppose -5*a + c = 2*b - 14, 5*a - 5*b - 40 = 0. Calculate the greatest common divisor of a and 35.
5
Suppose -q = -5*q + 16. Let v be -4*-94*3/q. Let r = v + -177. Calculate the greatest common factor of 15 and r.
15
Suppose -o = -3*n + 27, 3*n + 5*o - 36 = 3*o. Suppose -2*j = 4*q - n, -4*j - 4*q + 8*q + 80 = 0. Let d = 3 + 2. Calculate the greatest common factor of j and d.
5
Suppose -234 + 780 = 7*z. Let p be 4380/z - (-2)/(-13). Suppose -11 = -2*m - 2*l + 7, 5*m - 2*l - 80 = 0. Calculate the greatest common divisor of m and p.
14
Let m(k) = k**2 + 9*k - 4. Let x be m(-9). Let r(p) = p**2 + 4*p + 8. Let n be r(x). What is the highest common factor of n and 40?
8
Let g = -752 - -783. What is the highest common factor of 775 and g?
31
Let y(u) = u + 12. Let j be y(-10). Suppose 0*g - j*g + 20 = 0. Let m be (-1)/(2/10)*-2. Calculate the highest common divisor of m and g.
10
Let b = -159 - -168. Calculate the greatest common factor of b and 99.
9
Let n(i) = 2*i - 6. Let c = -43 + 48. Let k be n(c). What is the highest common factor of k and 3?
1
Let p = -245 + 273. Calculate the highest common divisor of 175 and p.
7
Suppose 3*g = 4*t + t + 135, -225 = -5*g + 5*t. Suppose 3*j - 14 - 166 = 0. What is the greatest common factor of j and g?
15
Let t(k) = 50*k**2 + 8*k - 7. Let r be t(1). What is the highest common factor of 3 and r?
3
Let f(v) = -v**2 - 14*v + 6. Let m be f(-14). Suppose 3*d + 3 - m = 0. Suppose -5*b + 6 = 1. What is the highest common divisor of d and b?
1
Suppose 5*p + 3*y = -18, -p = -2*y + 5*y - 6. Let g = p + 45. Let z be (3/(3/52))/2. What is the highest common factor of g and z?
13
Let t(b) = -b**2 - 9*b - 12. Let a be t(-6). Suppose 2*u - 8 = 2*g + a, 0 = 2*g + 5*u + 28. Let y = g + 13. Calculate the greatest common factor of 32 and y.
4
Let p(x) = 8*x**3 - 4*x + 7. Let t = 27 - 25. Let q be p(t). What is the greatest common factor of 7 and q?
7
Suppose d = 5*r - 6233, 34*r - 30*r - 5*d - 4999 = 0. Calculate the greatest common divisor of r and 28.
14
Suppose -4*i + 132 = k + 2*k, 0 = -3*k + 4*i + 108. Calculate the greatest common divisor of k and 200.
40
Suppose -h - 2*s - 434 = 3*h, -s + 539 = -5*h. Let t be 10/55 + h/(-11). Calculate the greatest common factor of t and 90.
10
Suppose -2*a - m = -944, m = -9*a + 12*a - 1416. Calculate the highest common divisor of 59 and a.
59
Let d be (1*-2 - -4)*4. Let b = 174 + -170. Suppose 5*t - c = 8, 0*c = -b*c + d. What is the greatest common factor of t and 8?
2
Let r(v) = -v**2 + 15*v - 47. Let t be r(5). Calculate the highest common divisor of 123 and t.
3
Let t be -2*14/((-154)/165). What is the greatest common factor of t and 750?
30
Let n(r) = -2*r + 9. Let x be n(6). Let f be (-6)/(-2) - 39/x. Calculate the highest common factor of 112 and f.
16
Let p(m) = 9*m**2 + 9*m - 7*m - 4*m + m**3. Let k be p(-9). Calculate the greatest common divisor of k and 36.
18
Let y be 1406/14 - 3/7. Let d = 184 - y. Let h be ((-90)/(-25))/((-3)/(-10)). What is the greatest common factor of d and h?
12
Let q(y) = 52*y**2 + 13*y - 13. Let c be q(1). What is the highest common factor of 39 and c?
13
Let s(q) = q**3 + 4*q**2 - 5. Let f be s(-5). Let m be (f/24)/((-2)/40). Let z be 160/24*(-3)/(-2). Calculate the highest common factor of z and m.
5
Let m = -3 + 20. Let r = -30 + -4. Let x be (r/1)/((-2)/11). What is the greatest common divisor of x and m?
17
Suppose -2*p + 32 = -20. Let n be 6480/50 + (8/(-5) - -2). What is the greatest common factor of p and n?
26
Suppose 50 = 3*a + 41. What is the highest common divisor of 27 and a?
3
Suppose -a - 2*a + 24 = 0. Let y be 2 + 2/(-2) + 23. What is the highest common factor of y and a?
8
Let m(n) = -n**2 + 15*n - 5. Let f be m(7). What is the greatest common factor of 51 and f?
51
Let m be (-4)/18*12/8*-429. Suppose -v + 2*v - 8 = 0. Let o be (26/v)/(1/4). Calculate the highest common divisor of m and o.
13
Suppose 8*d = 37*d - 232. What is the highest common divisor of 424 and d?
8
Let h be -1*22/2 + -1. Let i be (3/h)/(7/(-476)). What is the highest common factor of i and 68?
17
Suppose 2*z - 66 = -4*n, -5*z + 105 = -n - 4*n. Let m = -9 - -19. Suppose -2*p - m = 0, 3*b - 2*p = 4*b. What is the greatest common divisor of b and z?
5
Let n be (-63)/(-6) + 4/(-8). Suppose -7*f + n*f = -384. Let s = 248 + f. What is the highest common factor of s and 48?
24
Suppose -1301 = -4*l + 63. What is the highest common factor of 31 and l?
31
Let z(t) be the second derivative of -42*t**5/5 + t**4/12 + 2*t**3/3 + 3*t**2/2 + 13*t. Let y be z(-1). What is the highest common factor of y and 112?
56
Let q = -24 - -36. Suppose -2*m + 75 = -4*k + 19, -88 = -2*m - 4*k. What is the greatest common divisor of m and q?
12
Let j(n) = 11 + 12 + n - 3. Let i = 41 - 53. Let b be j(i). What is the highest common divisor of b and 24?
8
Let z = 4 + -2. Suppose 0 = -4*g - z*p + 72, 0 = g - p + 3*p - 24. Calculate the greatest common divisor of 40 and g.
8
Let d(b) = 11*b - 457. Let k be d(43). Calculate the highest common divisor of k and 1344.
16
Let b be (-98)/(-2 + 3/3). Let d be (-63)/(-18) - 2/4. Suppose 0 = -2*w - 5*y - 23 + 56, -d*w = -4*y - 38. What is the highest common factor of w and b?
14
Let q(r) = -r**3 - 13*r**2 - 15*r + 4. Let j be q(-12). Calculate the highest common factor of j and 100.
20
Suppose 60*i - 36*i - 336 = 0. Calculate the greatest common factor of 371 and i.
7
Let w = -9 - -13. Let d = 11 - 12. Let q(t) = t**3 + 4*t**2 - 2. Let x be q(d). What is the highest common factor of x and w?
1
Suppose -79*l + 5414 = -4461. Let t = 61 - 36. Calculate the highest common divisor o